 2*g - 8. Let n be p(-6). What is the remainder when 18/12*n/(-6) is divided by o?
2
Suppose -3*v + 28 = -v. Let r = 7 - -33. Calculate the remainder when r is divided by v.
12
Suppose 4*m - 3 = -i + 17, 2*i + 10 = 2*m. Suppose i = t + 4*t - 55. What is the remainder when 32 is divided by t?
10
Let p(n) = -14*n - 5. Calculate the remainder when p(-5) is divided by -3 - 1 - (4 + -25).
14
Let x(y) = 2*y - 7. Let n be x(5). Let u = n - -10. Let p(h) = h**3 - 6*h**2 + 6*h + 2. What is the remainder when u is divided by p(5)?
6
Suppose r = 4*h + 22, -5*r - 4*h = -0*h - 158. Let y = r + 21. What is the remainder when y is divided by 26?
25
Calculate the remainder when ((-8)/(-3))/(8/12) is divided by 10/65 - (-24)/13.
0
Suppose 2*h - 27 = 83. Calculate the remainder when h is divided by 19.
17
Suppose 3*b = b + 6. Suppose 4*t + 1 = b*d, 0 = 2*t - d + 5 - 6. What is the remainder when t is divided by 2/5 + (-6)/(-10)?
0
Suppose 4*h + 2*q = 48, 2*q + 68 = 5*h + 8. What is the remainder when 106 is divided by h?
10
Let u(m) = -m. Let g be u(-2). Suppose -g = -3*i + 55. Suppose -2*c - 4*a + 2 = 0, -4*c - 2*a + 25 = -a. What is the remainder when i is divided by c?
5
Let d(a) = 9*a**2 - a. Let h(m) = m**3 + 6*m**2 + m - 5. What is the remainder when h(-4) is divided by d(1)?
7
Suppose d - 75 = -11. Calculate the remainder when d is divided by 11.
9
Suppose s - 3*v = v - 5, -4*v = 2*s - 38. Calculate the remainder when 51 is divided by s.
7
Suppose 0 = -3*h - 2*m + 39 + 6, 2*m = -2*h + 32. Calculate the remainder when h is divided by (-13 + 3)/(4 + 0 + -6).
3
Let x(o) = 2*o**2 + 6. Suppose 7 + 11 = 2*j. Let u = 28 - j. Calculate the remainder when x(5) is divided by u.
18
What is the remainder when (8/(-16))/(2/(-160)) is divided by 14?
12
What is the remainder when 74 is divided by 9/6 - (-183)/6?
10
Let w = 14 + -8. Suppose -4*p = 5*k - 24, 0 = 3*p + k - 5 - 2. Calculate the remainder when (5 - 6)*p*-11 is divided by w.
5
Let s = 14 - 24. Calculate the remainder when 19 is divided by s/(-2) + (-2)/(-1).
5
Let t(u) = 43*u. Let m be t(1). Suppose -3*i + m = -32. Suppose -d - i = -6*d. Calculate the remainder when d is divided by 3.
2
Suppose -2*x - 2*x = 8. Let t(j) = 13*j**2 + 3*j. Calculate the remainder when t(x) is divided by 16.
14
Suppose -10 + 88 = 3*l. Suppose -4*a = -a - 33. Suppose 3 = d - a. Calculate the remainder when l is divided by d.
12
Let d be 2 + (-1 - (-2)/1). Suppose 0 = -3*b - 2*a + 127, 4*b - d*b - 4*a = 47. Suppose 27 + b = 5*q. What is the remainder when 41 is divided by q?
13
Let a(i) = -5*i - 1. Let s be a(3). Let f = s - -51. What is the remainder when f is divided by 12?
11
Suppose 6*w = 4*w. Suppose w - 3 = -d. What is the remainder when 31 is divided by 32/d + (-4)/(-12)?
9
Let a = -190 - -118. Calculate the remainder when 34 is divided by (4/(-3))/(8/a).
10
Suppose -q + 12 = 7. Calculate the remainder when 8 is divided by q.
3
Let o(w) be the first derivative of 0*w**2 - 1/3*w**3 + 5*w - 3. Calculate the remainder when 9 is divided by o(0).
4
Suppose -29 + 1 = -2*p. Let m = -19 - -23. What is the remainder when p is divided by m?
2
Let k = -52 + 34. Let g = k - -36. What is the remainder when 35 is divided by g?
17
Let r(n) = n**3 + 7*n**2 - 6*n + 23. Calculate the remainder when 40 is divided by r(-8).
5
Suppose 3*y + 14 = 2*o, 5*o - y - 22 = -0*y. Suppose o*z + 2*l - 234 = 0, 3*l + 43 = z - 19. Calculate the remainder when z is divided by 20.
19
Suppose 0 = 3*v + 2*v - 215. What is the remainder when v is divided by 23?
20
Suppose -2*z + 5*z - 15 = 0. Suppose z*s = s + 8. Suppose -t = s*t - 57. Calculate the remainder when 54 is divided by t.
16
Let y(i) = 3*i + 1. Let j be y(1). Suppose 0 = -j*p + 3 + 45. Suppose -p - 26 = -g. What is the remainder when g is divided by 13?
12
Let r(l) = l - 1. Let x be r(2). Suppose 4 = 5*z - x. Calculate the remainder when z/((1 - -2)/54) is divided by 10.
8
Let l be (-1 - -3) + 4/4. What is the remainder when 14 - (l + (-3 - -2)) is divided by 7?
5
Let t = 335 + -194. What is the remainder when t is divided by 36?
33
Suppose 5*l + 71 + 459 = 0. What is the remainder when (l/(-4))/(5/10) is divided by 18?
17
Let x = 15 + -11. Suppose 0 = -w + x*w - 3. What is the remainder when 37 is divided by 2 - (18*-1 + w)?
18
Let o(k) = 2*k**3 - 3*k**2 - 2*k - 1. Let v be o(3). Suppose -5 = -2*r - 5*f + 38, r + 4*f - v = 0. What is the remainder when 95 is divided by r?
23
Let r(q) = 8*q - 1. Let u be r(-3). Let c = 51 + u. Let n = -8 + 22. What is the remainder when c is divided by n?
12
What is the remainder when 33/(7/((-112)/(-12))) is divided by 23?
21
Suppose -4*f + 32 = -0*f. What is the remainder when (30/9)/5*33 is divided by f?
6
Let x = -7 + 4. Let d = 217 - 333. What is the remainder when 1/3 + d/x is divided by 20?
19
Suppose -5*t + 3*a + 50 = -2*a, 10 = t + 5*a. What is the remainder when t is divided by 3?
1
Suppose 0 = 2*g, -2*u - g = 6 - 64. What is the remainder when u is divided by 10?
9
Let w(p) = -p**3 + 7*p**2 - 4*p - 8. Let d be w(6). Suppose 2*f = -d*c + 6*f + 20, c = 5*f + 17. Calculate the remainder when 5 is divided by c.
1
What is the remainder when 1*2 - (-20)/1 is divided by ((-162)/(-135))/(6/40)?
6
Let m be 2/1 - -1*3. Suppose 5*u = -m*g + 4*u + 50, 2*g - 2*u - 32 = 0. Let l = g - 7. What is the remainder when l is divided by 3?
1
Suppose -26 = -4*v + 38. What is the remainder when 29 is divided by v?
13
Suppose -2*n + 5*n = 51. Calculate the remainder when 33 is divided by 1 + n + -2 - -1.
16
Calculate the remainder when -5*(-4)/40*90 is divided by 8.
5
Let x = 35 + -34. Suppose 0 = -c - 2*c + 3. Calculate the remainder when c is divided by x.
0
Suppose -4*w + 8 = 2*q, -w - 20 = 2*w - 5*q. Suppose 2*u - 55 = -3*b - w*u, -4*u + 15 = b. What is the remainder when b is divided by 5?
4
Let p = -5 - -7. Suppose p*f - 89 = -2*b - 13, -3*b + 5*f = -106. Calculate the remainder when b is divided by 19.
18
Suppose 0 = 2*m - 27 - 55. What is the remainder when 162 is divided by m?
39
Suppose 0 = -5*w + 10 + 10. Suppose -3*a + w = -32. Calculate the remainder when 35 is divided by a.
11
Let f be 2/(-10) - 248/(-40). Suppose -f*i + 4*i + 28 = 0. Suppose 0 = -2*o - 2*o + 160. What is the remainder when o is divided by i?
12
Let j(i) = 2*i**2 - i - 13. What is the remainder when j(-4) is divided by 12?
11
Let m be 2/(-5)*(-4 - 66). Suppose m = 3*w - 2*z, 5*w + 3*z = -z + 10. What is the remainder when 10 is divided by w?
4
Let y(r) = 80*r**2 + r + 1. Let p be y(-1). What is the remainder when 10 is divided by 5/(p/12)*4?
1
Let u(m) = 0*m + m + 0*m + 2 - 2*m. Let t be u(2). What is the remainder when 40 is divided by -3 + 3 - (-14 - t)?
12
Suppose 0 = 4*v - 4*r - 104, v - 3*r = -7*r + 6. What is the remainder when v is divided by 5?
2
Let h = -103 - -179. What is the remainder when h is divided by 26?
24
Let z be 25/9 + 8/36. Let r be 1*(-3)/z + 1. Suppose -4*b - 8 = r, -6*b - 96 = -3*l - 3*b. What is the remainder when l is divided by 16?
14
Let j(d) = d**2 + 7*d + 9. Let r be j(-6). Suppose -62 = -r*l - 3*n + 43, 31 = l + 3*n. Let p = 39 - 20. Calculate the remainder when l is divided by p.
18
Let j = 8 - 3. Let k(q) = -q**3 + 6*q**2 - 4*q + 4. Let b be k(j). Let p = b - 6. What is the remainder when p is divided by 2?
1
Let k = 29 + -16. Let g(d) = 2*d + 3. What is the remainder when k is divided by g(1)?
3
Let h be 24/(-84) - (-37)/7. What is the remainder when (2/6)/(h/465) is divided by 16?
15
Suppose 5*u + 845 = 18*u. Calculate the remainder when u is divided by 23.
19
Suppose 0*t = -3*t + 18. Suppose 5*m = t*c - c - 75, -m = 3*c - 65. What is the remainder when c is divided by 7/(0 - -1 - 0)?
6
Let x = 119 + -70. What is the remainder when x is divided by 10?
9
Suppose 2*o + 8 = -5*x - 5, -1 = -4*o - x. Let t be o/2 + (-22)/4. What is the remainder when 21 is divided by t/(-2)*(-88)/(-20)?
10
Let q = -35 - -58. Suppose -m = 3 - 11. Calculate the remainder when q is divided by m.
7
What is the remainder when (-4)/1 - 451/(-11) is divided by 10?
7
Let k = 9 + -9. Suppose 3*g - 5*p + k = 14, 5*p = 5*g - 20. Suppose -5 = -o - 5*w + 13, 14 = g*o - 5*w. What is the remainder when 21 is divided by o?
5
Let l = 58 + -23. Let w = 30 - 18. Calculate the remainder when l is divi